105
What is (-2 - -6 - 24 - 1) + (-8 - (-3 + -5))?
-21
Evaluate 10 + (-25 - (-6 + -11) - -10 - (-22 - 1)).
35
(1 + 4 - -33) + (-8 - 41 - -54)
43
-9 + (-13 - (-23 - -40 - (-9 + 41)))
-7
Calculate -6 + 1 + -3 + 2 + 14 + -81 + -1.
-74
(-80 - (4 + -3) - (-5 - -10)) + (384 - 395)
-97
-22 + 11 - -14 - (59 - (10 - 9) - -6)
-61
Evaluate (11 - -2) + -9 + 8 - (-2 - -100) - 11.
-97
What is the value of 14 - 1 - 41 - (-69 - -101)?
-60
Calculate -29 - (125 + -30 + 41 + -43).
-122
What is -10 - (1 + -1 + -11 + 5 + -50)?
46
(7 - -5) + 15 + (26 - 30)
23
Evaluate 16 + 1 + (-55 - 53 - -85).
-6
What is the value of (17 + -36 - (-10 + -2)) + 24?
17
What is the value of -77 - (2 + 3 + -8) - (-60 - -59)?
-73
What is 2 + 26 + (2 - (-14 - -14))?
30
Calculate 43 + 3 + (1 - -6) - 19.
34
141 + (125 - 273) + 2 + -32
-37
What is (35 + 49 - 17) + -45?
22
Calculate 40 + -33 + 18 - 31.
-6
(3 - -144) + -70 + -53
24
12 + 14 + (6 - (20 + -1))
13
41 + -12 + -19 + 0 + (-2 + 2 - 92)
-82
What is the value of -31 + 0 + -2 - (-22 - (-22 + -7) - 11)?
-29
What is 44 - (307 - 316 - (-3 - 55))?
-5
What is -56 - (43 + -67 + -29) - (11 + (0 - 1))?
-13
Evaluate (124 - (-61 - -88)) + 0 + -30.
67
Calculate -2 + (5 - 3 - (28 + -22 + 20)) - 7.
-33
What is the value of (-1 - -4) + (-11 - -9 - (-34 + 31))?
4
Calculate 61 + -235 + 51 + 35.
-88
Calculate (9 - 21) + 21 - (-7 - 26 - 6).
48
What is the value of (72 - 63 - (-3 + 55)) + -21?
-64
Evaluate 17 + (-7 - (-6 - (-5 - (-9 - (-11 + 8))))).
17
Evaluate 55 + (0 - -22) + (177 - 171) + -18.
65
Calculate (-5 - 0) + 19 + (-340 + 337 - (1 + -81)).
91
Evaluate (1 - 16) + (3 - (-27 - -23)).
-8
Calculate -14 - (7 + 99 + -78).
-42
What is -144 + 135 + -10 + 0 + 70?
51
Evaluate (0 - (15 + -8 + 1) - 73) + (-2 - 6).
-89
What is the value of (8 + 1 - (-13 + 43 + -32)) + 1 + 1?
13
Calculate (-2 + 4 + 8 - 4) + -8 + -18 + 24.
4
-4742 + 4776 + -8 + 1
27
What is the value of 16 + (2 + 2 - (-59 + 1)) + -10 + -1?
67
Calculate -1 - 32 - (-121 + 0 - -154).
-66
What is the value of -2 - -22 - (-85 + 41 - -76) - (40 + -1)?
-51
-5 + 15 + 69 - (-6 - (1 - 3))
83
What is the value of (1 - -69) + -4877 + 4940?
133
Calculate (4 + -6 - 17) + 10 - (-7 - -4).
-6
What is -21 - (-525 - -503 - (0 - -22))?
23
What is (9 - 2 - -9) + -3 - (23 + -30)?
20
Evaluate (10 - (-5 + 16)) + -1 - (-36 - 2).
36
Calculate 85 - (46 - -25) - (-3 - -1 - -7).
9
What is the value of -68 - (1 + 10 + 0 - 9) - 6?
-76
What is the value of (1 - -80) + (2 - (2 - (13 + -15 + 9)))?
88
Evaluate -20 - -8 - (39 - (5 + 4)).
-42
Evaluate 33 - (4 - (-12 + 11 + -18)).
10
(5 - -1) + (-213 - -172) + (-1 - -22)
-14
What is 14 + 10 + -20 + -48?
-44
(17 - (15 - 8)) + -4 + 24
30
What is the value of 29 + (-15 + 6 - (6 + -7 + -8 + -2))?
31
54 + -124 + 32 + 48
10
54 + (10 - 20) + (-1 + 17 - -3)
63
What is -21 + -59 + 86 + 6?
12
What is -2 + 1 + (43 - (-43 - -86))?
-1
What is (4 - 3) + 771 + -737?
35
What is the value of -16 - (38 - (122 - 22))?
46
-64 - ((28 - (54 + -21)) + 5)
-64
What is the value of (-1 - 108 - (-31 + 31)) + 3 + (50 - 39)?
-95
What is 43 - 23 - -41 - 112?
-51
What is -13 + (-37 - -143 - (8 + 6 + -4 - 22))?
105
Evaluate (6 - -3) + (74 - (25 - (-34 + 30))).
54
Calculate (-201 - -336 - (-2 + 36)) + 2 + -13.
90
What is the value of -84 - (-28 - (-71 - -33)) - -19?
-75
21 - ((0 - -1) + (-20 - -1))
39
0 + 2 + (26 + 33 + -91 - -15)
-15
Evaluate 25 + -36 + (7 - 3) + 8 + (45 - 3).
43
Evaluate 42 + -1 - (-3 + (-17 - -20) + 11).
30
(-67 + -14 - -12) + 9 + 13 + 0
-47
What is 242 - 161 - (-18 - -13)?
86
Calculate -29 + (-10 - -57) + -52.
-34
What is 259 + -215 - (11 + -13)?
46
What is (9 - 5) + 58 + 9 + -5?
66
Calculate 6 + (1 - -15) + (377 - 388).
11
Evaluate (-8 - (-26 - -44)) + -3.
-29
Calculate 2 + -13 + 24 + 2 + (2 - 6).
11
Evaluate -777 - -760 - (-2 - 0 - 78).
63
Evaluate 2 + (1 - -9 - 31) + 18 + (-57 - 2).
-60
Calculate (-20 - (1 - 26)) + -45.
-40
-5 - -30 - 28 - (-3 - 11)
11
Calculate (-1 - -16) + -147 + (223 - 40).
51
What is the value of 4 + (-4 - -2) - 6 - (-436 - -421)?
11
What is the value of 15 - 1 - -10 - (21 + 78)?
-75
Evaluate (3 - -1) + (-566 + 517 - (-65 + 0)).
20
What is -13 + 13 + 39 + -26 + -10 + (1 - 29)?
-25
-8 - (-42 - (-3 + -2)) - (-3 + (20 - 9))
21
What is the value of (-1 - -3) + (-66 - (36 - 79))?
-21
68 - (11 + (-1 + 14 - (-5 + (-37 - -78))))
80
Calculate -52 + 30 - (-2 - (10 + -8)).
-18
Calculate 14 + (37 - 49) - (-2 - (-2 + -55)).
-53
What is -153 + 14 + 101 + (-32 - 2)?
-72
-49 + -51 + 105 + -68
-63
Evaluate -98 - (-97 + -123 + 61).
61
-12 + -1 - ((320 - 143) + -87)
-103
Evaluate -20 + 13 + (38 - 41) + -1 + -39 + 0.
-50
What is -1 + 11 - (-1897 - -1924)?
-17
(2 + 0 - (-25 - -14)) + -11 + -13
-11
-4 + 19 + (-33 - -30) + -29
-17
What is (-10 - -1) + 4 + (153 + -149 - (-1 + 14))?
-14
-227 + 221 - (-12 + -4 + 1) - -33
42
Calculate 52 - (117 + 71 + -215).
79
Calculate 15 - ((2 - 46) + (3 - (-7 - -1 - -19))).
69
What is -5 - (12 + (5 - -12 - 12) - -2)?
-24
Calculate (73 - 26) + 28 + (0 - -3).
78
What is (-76 - -94) + (-5 - 0) + 29?
42
What is the value of 115 + 74 + (120 - 310)?
-1
11 - (27 + (19 - (10 - 0)) + -10)
-15
(-2 - -26) + -20 + -9 + 18
13
Calculate -89 - (-108 + (-67 - -41)).
45
What is (-3 - 1) + (20 + (27 - 21) - 25)?
-3
142 - (41 + -137 + 184)
54
What is the value of -2 + 90 + (45 - 17) + -14 + (-23 - 2)?
77
What is 27 + -21 + (16 - 2) - 35?
-15
(-76 - -74) + -65 + (3 - 3 - -1) - 4
-70
Evaluate 5 + (2 - -9) + (-88 - (17 - (-4 - -17))).
-76
Evaluate (-117 - -201) + 93 - 42.
135
(13 - 70) + 55 + -2 + (0 + 46 - -1)
43
What is the value of -125 + 165 - (-1 + -8 - 22)?
71
Evaluate -5 - 65 - (49 + (-4 - 31) + 4).
-88
Calculate 66 - (-3 + (0 - -3) - 5 - (-1184 + 1175)).
62
What is -21 - (2 - (21 + -35 + 17))?
-20
What is the value of (52 - 40) + -30 + 5?
-13
What is -19 + 6 + (-125 - -50)?
-88
What is -33 + (-37 - -10) + 44?
-16
What is the value of -11 + (7 - (-1 + -8 - (-114 - 12 - -12)))?
-109
Calculate (-13 + 30 - 102) + (-5 - (-12 + 6)).
-84
What is the value of -119 + (-40 + 90 - -34)?
-35
What is the value of -188 + 283 + -87 - (3 - 1 - -2)?
4
Calculate -2 - -38 - (43 + 55 + -108).
46
Calculate -37 - (2 - 1) - (50457 + -50401).
-94
Calculate 27 + (-89 - -38) - -20.
-4
Calculate (98 - (21 - 9)) + -146 + 124.
64
(3 - -21 - (15 - 34)) + -32
11
Calculate (-170 + 155 - (3 + -36)) + 34 + 6 + 1.
59
What is the value of -1527 - -1506 - (26 + -2 + 8)?
-53
Evaluate 19 + -2 + 2 - (653 - 634).
0
What is 79 + -94 + 9 + (-4 - -8)?
-2
What is the value of -7 - (1 + -17 + (-2 - (-64 + 33)))?
-20
Calculate (-13 - -25) + (72 - (-1 - (16 + -4))) + -8.
89
Calculate (49 - -28) + -80 - -8.
5
(-1 - 68) + (7924 - 7837)
18
Calculate (-7 - (6 - 0)) + (-2 - -25) - 49.
-39
What is -23 - -2 - (196 - 244)?
27
What is the value of -13 - ((-1 - -1) + -134 + 141 - -2)?
-22
What is 39 - (6 + (-4 - 8) + 3) - (-5 + 0)?
47
What is -32 + -14 + (-14 - (-55 + 8))?
-13
Calculate -456 + 462 - (-8 - (-2 - 0)) - -16.
28
What is -1 + -2 + (4 - 113) - (81 - -81 - 171)?
-103
Evaluate -6 + (-18 - -13) + -19.
-30
Evaluate -41 + (4 + -1 + 4 - -26).
-8
Evaluate (-15 - (-41 + 8)) + -120 + 34.
-68
-92 - (52 - -12 - -19 - 47)
-128
Evaluate -219 + -339 + 544 - (-77 - -1 - -1).
61
(4 + 1 - 15) + (-15 - 2) + 21
-6
What is the value of 61 + (-8 - 13) + 1 + 1?
42
6 + (-5 - (5 + -9 - 3)) + 30 + 5
43
Calculate (9 - 15 - (14 + -15)) + (14 - (-1 - 4)).
14
Evaluate (-9 + 27 + -133 - (-5 - (-24 + 5))) + 1.
-128
What is the value of 3 + -101 - (-91 + 105)?
-112
Calculate -2 - -10 - ((-40 - -54) + -59).
53
What is the value of (0 - -1) + -14 + -11 + 22 + 13 + -2?
9
-2 + -6 - -13 - (1 - (11 - 3 - -1))
13
Calculate 10 - (1 - (3 + (-2 - -1)) - (4 + -63)).
-48
Evaluate -44 - -75 - (231 - 232).
32
Evaluate -20 - (-16 + -24 - -18 - -13).
-11
Calculate -48 - ((-138 - -56) + 20) - (13 - 0 - 1).
2
Calculate 88 + -72 + 29 + -118.
-73
0 + 32 - 13 - (5 - -48)
-34
Calculate 41 - ((22 - 210) + 141).
88
Calculate -26 + -13 + 4 + (-7 - -1).
-41
What is the value of (23 + -10 + -19 - -13) + (30 - -2)?
39
28 + -41 - (2 - -10 - 13)
-12
-7 + (-8 + 11 - -1) + 43 + -130
-90
65 + 6 + 11 + -27 + 17 + 0
72
Evaluate -10 + -38 - (-5 - (-11 - -11 - 4)).
-47
Evaluate -21 + (21 - (-22 - -17)) - (-7 - 1) - 9.
4
Evaluate 19 - ((81 - 45 - 18) + (-1 - 8)) - 23.
-13
What is t